Select a Year or Month report
2019: Jan Feb Mar Apr May Jun Jul Aug Sep Oct Nov Dec
2018: Jan Feb Mar Apr May Jun Jul Aug Sep Oct Nov Dec

Report for 2019 August
                   MONTHLY CLIMATOLOGICAL SUMMARY for AUG. 2019

NAME: Sykia Meteo   CITY: Sykia   STATE: Corinthia 
ELEV:     6 m  LAT:  38° 03' 36" N  LONG:  22° 39' 55" E

                   TEMPERATURE (°C), RAIN  (mm), WIND SPEED (km/hr)

                                      HEAT  COOL        AVG
    MEAN                              DEG   DEG         WIND                 DOM
DAY TEMP  HIGH   TIME   LOW    TIME   DAYS  DAYS  RAIN  SPEED HIGH   TIME    DIR
------------------------------------------------------------------------------------
 1  28.3  31.7   17:50  23.8    6:45   0.0  10.3   0.0   3.7  16.1   18:40   NNE
 2  28.6  33.6   16:25  24.1    6:30   0.0  10.6   0.0   3.5  17.7   17:00   ENE
 3  29.1  34.7   16:05  23.6    6:55   0.0  11.1   0.0   9.2  40.2   18:20    NW
 4  28.5  31.0   18:15  26.4    6:50   0.0  10.5   0.0  10.6  32.2   10:10    NW
 5  27.8  30.5   17:10  24.8    6:05   0.0   9.8   0.0   4.2  17.7    9:35   SSW
 6  26.9  30.5   18:05  22.6    4:45   0.0   8.9   0.0   4.7  12.9    9:05   SSW
 7  27.7  32.7   16:25  22.4    3:05   0.0   9.7   0.0   4.2  16.1   17:40   SSW
 8  27.8  34.1   17:50  21.7    6:40   0.0   9.8   0.0   4.8  16.1    8:50   SSW
 9  28.1  35.4   17:55  22.1    6:40   0.0  10.1   0.0   4.0  16.1   17:00   SSW
10  30.4  35.3   15:45  25.2    2:25   0.0  12.4   0.0   3.4  20.9    9:00   ESE
11  30.1  34.2    9:50  25.5    3:45   0.0  12.0   0.0   5.6  22.5   11:45   SSW
12  30.1  32.9   11:35  27.1    0:05   0.0  12.1   0.0   4.8  27.4   13:00   ESE
13  29.3  32.7   10:55  25.2   00:00   0.0  11.3   0.0   6.1  41.8    4:20   SSW
14  27.4  31.8   17:25  22.9    6:50   0.0   9.4   0.0   3.9  14.5   12:50    SW
15  27.7  31.6   10:10  23.3    5:45   0.0   9.7   0.0   3.9  24.1   18:15   SSW
16  27.0  30.1   11:55  22.6    6:55   0.0   9.0   0.0   3.9  19.3   18:30   SSW
17  27.2  30.9   17:15  22.8    4:10   0.0   9.1   0.0   5.8  25.7   18:50   ESE
18  26.3  30.8   17:25  21.2    6:30   0.0   8.3   0.0   4.8  19.3   10:25   SSW
19  26.1  31.4   18:00  20.8    6:45   0.0   8.1   0.0   5.0  25.7   19:45   SSW
20  26.5  31.7   16:15  21.0    5:05   0.0   8.5   0.0   5.6  25.7   19:50   SSW
21  26.8  32.0   17:40  21.1    5:10   0.0   8.8   0.0   4.7  19.3   15:35   SSW
22  27.9  33.5   17:10  22.6    6:35   0.0   9.9   0.0   3.7  14.5   17:45   SSW
23  29.5  33.7   16:30  24.8    5:10   0.0  11.5   0.0   3.9  20.9   13:05   SSW
24
25
26
27
28
29
30
31
-------------------------------------------------------------------------------------
    28.0  35.4     9    20.8    19     0.0 230.9   0.0   5.0  41.8    13     SSW

Max >=  32.0: 12
Max <=   0.0:  0
Min <=   0.0:  0
Min <= -18.0:  0
Max Rain: 0.00 ON 01/08/19
Days of Rain: 0 (> .2 mm) 0 (> 2 mm) 0 (> 20 mm)
Heat Base:  18.0  Cool Base:  18.0  Method: Integration